17. What is c(-11)?
-3
Let p(z) = 11*z**2 - 101*z - 77. What is p(10)?
13
Let f(a) = -a**3 - 4*a**2 + 13*a + 3. What is f(0)?
3
Let g(k) = -k**3 - 6*k**2 + 13*k - 20. Determine g(-10).
250
Let p(j) = -65*j - 129. What is p(-5)?
196
Let q(i) = -i**2 + 19*i + 125. Give q(-8).
-91
Let c(r) = 18*r**2 + 12*r - 38. Give c(6).
682
Let m(k) = 387*k - 2322. Calculate m(6).
0
Let t(s) = -34*s**2 - 130*s - 92. What is t(-3)?
-8
Let p(n) = 346*n**2 + 1385*n - 27. Calculate p(-4).
-31
Let f(m) = 62*m + 873. Calculate f(-16).
-119
Let w(a) = a**3 + 9*a**2 + 274*a + 758. Calculate w(-3).
-10
Let o(x) = -x**3 - 5*x**2 + 23*x + 123. Determine o(-6).
21
Let u(a) = 3*a**3 - 257*a**2 + 151*a + 1623. Calculate u(85).
8
Let r(a) = 4*a**2 - 69*a - 372. What is r(-5)?
73
Let o(r) = 159*r - 815. Give o(5).
-20
Let x(r) = r**3 + 6*r**2 - 43*r - 25. What is x(-10)?
5
Let x(d) = d**3 - 6*d**2 - 6*d - 41. What is x(7)?
-34
Let s(o) = 473*o + 944. Calculate s(-2).
-2
Let c(s) = s**3 - 4*s**2 - 26*s - 145. What is c(-6)?
-349
Let p(z) = 3*z**3 + 44*z**2 - 115*z - 8. What is p(-17)?
-76
Let x(h) = -137*h**3 + 2*h**2 - 2*h - 3. What is x(-1)?
138
Let s(k) = -k**3 - 5*k**2 + 13*k + 9. Calculate s(-7).
16
Let r(p) = 618*p + 1252. Calculate r(-2).
16
Let k(y) = -9*y**3 - 3*y**2 - 3*y + 5. Give k(-4).
545
Let h(x) = x**3 + 40*x**2 + 168*x - 235. What is h(-35)?
10
Let j(q) = -q**2 + 31*q - 59. Calculate j(30).
-29
Let d(u) = -995*u - 4983. Calculate d(-5).
-8
Let o(k) = -19*k**2 + 170*k - 32. What is o(9)?
-41
Let p(j) = 9*j**2 + 354*j + 122. Calculate p(-39).
5
Let g(x) = -x**3 - 88*x**2 + 180*x + 4. Calculate g(2).
4
Let i(a) = a**2 - 2184*a + 87857. Determine i(41).
-6
Let b(z) = 2*z**2 + 282*z - 8322. Give b(25).
-22
Let f(w) = -2*w**2 - 14*w - 35. What is f(-16)?
-323
Let h(p) = p**3 - 5*p**2 - 38*p + 194. Determine h(6).
2
Let l(m) = -3*m**2 - 43*m - 148. What is l(-6)?
2
Let x(y) = -31*y - 320. What is x(-19)?
269
Let c(a) = 11*a + 79. What is c(-16)?
-97
Let j(w) = 24*w**2 + 27*w - 99. Give j(4).
393
Let f(m) = -149*m - 44. Determine f(-2).
254
Let o(h) = 34*h**3 + 12*h - 12. What is o(1)?
34
Let i(l) = 3*l**2 - 316*l - 937. Calculate i(-3).
38
Let n(r) = 147*r - 109. What is n(-3)?
-550
Let v(i) = -i**3 + 29*i**2 - 163*i - 20. Determine v(8).
20
Let n(l) = 59*l + 1124. What is n(-7)?
711
Let t(u) = -20*u**2 + 53*u + 404. Give t(6).
2
Let z(t) = -51*t - 1068. Calculate z(-21).
3
Let j(o) = -78*o - 259. Calculate j(-4).
53
Let l(r) = -r**3 - 148*r**2 + 926*r + 309. Give l(-154).
1
Let g(v) = -3047*v - 12217. Calculate g(-4).
-29
Let b(f) = -105*f - 831. Calculate b(-8).
9
Let v(a) = 160*a + 13. Determine v(2).
333
Let h(r) = 3*r**3 + 81*r**2 - 21*r - 548. Give h(-27).
19
Let j(y) = y**3 + 58*y**2 + 98*y - 360. Give j(-56).
424
Let n(k) = k**2 + 53*k + 780. Give n(-31).
98
Let h(s) = 2*s**2 - 3*s + 8. Calculate h(-3).
35
Let i(j) = j**2 - 246*j + 6082. What is i(28)?
-22
Let u(y) = -103*y + 1965. Determine u(18).
111
Let a(v) = -v**2 - v + 6. Give a(4).
-14
Let h(o) = -1181*o + 2370. Determine h(2).
8
Let g(x) = -2*x**3 - 39*x**2 - 79*x - 1958. Calculate g(-20).
22
Let f(o) = 2*o**3 - 44*o**2 - 45*o - 51. What is f(23)?
-28
Let l(m) = 3*m**3 + 109*m**2 + 49*m + 63. What is l(-36)?
-405
Let y(w) = 13540*w - 27069. What is y(2)?
11
Let f(t) = t**3 - 45*t**2 - 106*t + 561. What is f(47)?
-3
Let m(u) = -9*u**2 - 4*u - 24. What is m(-6)?
-324
Let b(v) = -3*v**3 + 233*v**2 + 316*v + 23. What is b(79)?
23
Let v(t) = -t**2 + 43*t + 8479. What is v(-72)?
199
Let g(u) = 60*u**2 + u + 4. Calculate g(-1).
63
Let g(u) = -16*u + 569. Calculate g(36).
-7
Let h(a) = -a**3 - 14*a**2 - 53*a. Give h(-5).
40
Let v(j) = -36*j + 439. Give v(12).
7
Let k(m) = -6*m**2 + 180*m + 221. Give k(31).
35
Let u(b) = -7*b**2 - b + 17. Give u(-2).
-9
Let g(q) = -26*q + 25. Calculate g(2).
-27
Let o(u) = -406*u + 7708. Determine o(19).
-6
Let w(o) = -2*o**2 - 18*o - 2. Give w(-2).
26
Let w(j) = j**3 + 51*j**2 + 646*j - 24. Determine w(-26).
80
Let k(x) = x**3 + 58*x**2 - 63*x - 268. Determine k(-59).
-32
Let k(n) = -n**3 - 22*n**2 + 15*n + 8. What is k(-22)?
-322
Let w(u) = -u**3 - 5*u**2 + 5*u - 1. Calculate w(0).
-1
Let l(q) = 22*q + 249. Determine l(-11).
7
Let s(i) = -19*i - 341. Give s(-17).
-18
Let r(o) = 57*o - 1983. Determine r(36).
69
Let f(v) = v**3 - 15*v**2 + 24*v + 29. What is f(13)?
3
Let k(a) = -3*a**3 - 26*a**2 - 2*a + 24. Calculate k(-10).
444
Let x(r) = -8*r**2 - 71*r - 36. Give x(-4).
120
Let m(y) = -460*y - 1385. Give m(-3).
-5
Let m(z) = 4*z**3 - 5*z**2 + 10*z - 10. Calculate m(3).
83
Let n(h) = 53*h**2 - 19*h - 14. Determine n(2).
160
Let l(q) = -q**3 + 65*q**2 - 67*q + 209. Give l(64).
17
Let g(y) = y**2 - 1. Determine g(4).
15
Let s(i) = 416*i + 1749. Give s(-5).
-331
Let d(b) = 614*b**3 + 8*b**2 - 8*b. Determine d(1).
614
Let z(r) = 197*r + 91. Calculate z(-1).
-106
Let b(n) = n**3 - 9*n**2 - 2*n + 22. Calculate b(8).
-58
Let b(u) = u - 158. Give b(36).
-122
Let c(d) = -d**2 - 13*d + 35. Give c(6).
-79
Let y(o) = -o**3 - 21*o**2 - 47*o - 16. Calculate y(-18).
-142
Let z(h) = h**2 - 20*h - 68. What is z(0)?
-68
Let i(q) = -27*q + 341. Give i(14).
-37
Let c(p) = -10*p**2 + 1032*p + 2969. Determine c(106).
1
Let m(r) = -121*r + 23. What is m(-2)?
265
Let l(u) = u**2 - 36*u - 1779. What is l(64)?
13
Let k(s) = -s**2 + 110*s - 2408. Give k(80).
-8
Let q(l) = 13*l**3 + 26*l**2 + 34*l + 13. What is q(-1)?
-8
Let n(t) = t**3 - 59*t**2 - 257*t + 8217. What is n(61)?
-18
Let b(n) = n**3 + 35*n**2 + 24*n + 50. Calculate b(-35).
-790
Let m(u) = -48*u + 744. Determine m(9).
312
Let y(r) = r**3 + 13*r**2 + 14*r + 22. What is y(-12)?
-2
Let i(m) = -m**3 + 10*m**2 - 8*m - 32. Give i(11).
-241
Let h(q) = -86*q - 2. What is h(0)?
-2
Let p(z) = -5*z**2 - 287*z - 113. Calculate p(-57).
1
Let u(f) = -2*f**3 + 10*f**2 - 31*f - 7. What is u(4)?
-99
Let g(c) = 92*c + 102. Determine g(-15).
-1278
Let z(y) = 3*y**2 - 32*y + 70. Determine z(17).
393
Let k(j) = -61*j**2 - 551*j - 19. Calculate k(-9).
-1
Let u(q) = q**3 + 19*q**2 - 157*q - 11. Determine u(6).
-53
Let p(a) = a**2 + 633*a + 3776. What is p(-6)?
14
Let d(m) = -m**3 + 36*m**2 - 37*m + 64. Determine d(35).
-6
Let x(d) = 5*d**3 - 5*d**2 + d + 32. Give x(4).
276
Let j(p) = p**3 - 16*p**2 + 16*p + 41. Calculate j(11).
-388
Let p(b) = -5*b**2 - 149*b - 301. Calculate p(-2).
-23
Let d(x) = -3*x**2 + 203*x - 140. Give d(67).
-6
Let q(c) = -3*c**3 + 3*c**2 - 12*c + 13. Determine q(2).
-23
Let w(c) = 201*c - 2415. What is w(12)?
-3
Let d(u) = -u**2 + 46*u - 201. Calculate d(41).
4
Let m(j) = 24*j - 79. Determine m(20).
401
Let v(d) = d**2 + 354*d - 5156. Give v(14).
-4
Let m(x) = -12*x**2 - 165*x + 2. Calculate m(-14).
-40
Let p(z) = 14*z + 108. Calculate p(18).
360
Let i(u) = 2*u**2 - 83*u + 802. Determine i(26).
-4
Let w(y) = 678*y + 1361. Determine w(-2).
5
Let g(v) = 1621*v + 17826. What is g(-11)?
-5
Let m(d) = 11*d - 8. Give m(-9).
-107
Let t(d) = -2*d**3 - 183*d**2 - 92*d - 120. What is t(-91)?
-29
Let w(c) = 2*c**2 + 11*c - 217. Determine w(10).
93
Let x(n) = 202*n + 1191. Give x(-6).
-21
Let k(h) = 37*h + 3134. Determine k(-85).
-11
Let b(y) = 194*y + 2314. Determine b(-12).
-14
Let a(l) = -7*l + 235. Determine a(30).
25
Let c(y) = y**3 + 60*y**2 - 63*y + 41. Give c(-61).
163
Let p(z) = 3*z**3 - 6*z**2 - 8*z + 16. Give p(3).
19
Let f(o) = -4*o**3 + 40*o**2 - 54*o - 3. What is f(7)?
207
Let h(q) = -9*q**2 + 5*q + 13. Calculate h(4).
-111
Let h(i) = -3*i**2 - 137*i - 218. Determine h(-44).
2
Let p(h) = -h**2 + 35*h + 1958. Give p(65).
8
Let t(j) = -j**2 - 41*j - 304. What is t(-10)?
6
Let c(h) = -3*h**2 + 28*h - 84. Determine c(12).
-180
Let j(t) = 648*t + 265038. Calculate j(-409).
6
Let a(g) = g**2 - 8*g - 693. Give a(-22).
-33
Let j(u) = -43*u - 181. Give j(-6).
77
Let a(o) = 16*o + 1028. Determine a(-64).
4
Let i(u) = -u**3 + u**2 - 59*u - 459. Give i(-7).
346
Let c(i) = 1023*i + 18406. What is c(-18)?
-8
Let k(n) = n**3 + 24*n**2 + 60*n - 376. Give k(-20).
24
Let g(u) = u**2 + 19*u - 9. What is g(-13)?
-87
Let y(a) = -a**3 - 53*a**2 - 22*a + 1591. Determine y(-52).
31
Let a(d) = -d**3 - d**2 + 117. Calculate a(0).
117
Let y(v) = -2*v**3 + 16*v**2 - 48*v + 317. Calculate y(7).
79
Let d(g) = -2*g**2 + 13*g + 100. Calculate d(8).
76
Let c(g) = 